- 12*r - 3*r**3 - 4*r**2 + 2*r**2. Let v be j(-2). Calculate the greatest common factor of v and 18.
18
Let y(v) = 17*v - 888. Let p be y(53). What is the highest common divisor of p and 4043?
13
Suppose 4784 = 139*p - 123*p. Calculate the highest common factor of p and 13.
13
Let x(r) = 11*r - 415. Let b be x(47). Calculate the greatest common factor of b and 2.
2
Let q be (-8)/((-288)/(-27)) + 47/4. Calculate the highest common divisor of 253 and q.
11
Let f = 176 + -151. Calculate the highest common divisor of 225 and f.
25
Let m = 121 - -23. Let v(r) = -2*r**2 + 12*r + 9. Let p be v(6). Calculate the greatest common factor of p and m.
9
Suppose 16*k + 3996 = 34*k. What is the greatest common factor of 18 and k?
6
Let l(o) = 110*o + 817. Let b be l(-7). What is the highest common factor of 3149 and b?
47
Let m = 182 + -119. What is the highest common divisor of m and 9?
9
Let g(y) = 15*y - 20. Let r be g(5). What is the greatest common divisor of r and 10?
5
Suppose -5*l - 5*r + 2389 = -2*l, -2*l + 1593 = 3*r. What is the highest common factor of 28 and l?
14
Suppose 0*b + 2*b - 5*b = 0. Suppose 2*o - 67 = -5*f, -4*o - f = -b*f - 179. Calculate the highest common factor of o and 23.
23
Suppose 3*p + 30 = -d + 303, 5*p - 448 = -4*d. What is the highest common factor of 23 and p?
23
Let z = 23 - 10. Suppose -d - d + 4 = 0. Let a = 11 + d. What is the greatest common factor of z and a?
13
Suppose -723 = -r - 2*t, 3*r + 4*t - 1101 = 1060. What is the highest common factor of 5 and r?
5
Let p(i) be the first derivative of i**4/4 - 7*i**3/3 - 5*i**2/2 - 3*i + 26. Let z be p(8). Calculate the greatest common divisor of z and 189.
21
Suppose -w + 4 = 4*f - 27, -f = 4*w + 11. Suppose -233 = -3*l + y, -2*y - f - 77 = -l. Calculate the greatest common divisor of l and 19.
19
Let r be (6*(-2)/4)/(-1). Let x(b) = 3*b**3 + 3*b**2 - 2*b - 3. Let v be x(r). What is the highest common divisor of 11 and v?
11
Let z(v) = v**3 + 14*v**2 + 10*v + 1. Let d be z(-13). What is the greatest common factor of 220 and d?
20
Suppose -3*g + 60 = 3*m, 84 = 7*g - 3*g + 3*m. Suppose -t = -4*x + 29, -3*x + 0*t + t = -21. Calculate the highest common factor of x and g.
8
Let s(c) = c**2 + 5*c - 4. Let n(t) = -t**3 - 3*t**2 + 4*t - 3. Let w be n(-4). Let i = w - 4. Let q be s(i). Calculate the highest common factor of 4 and q.
2
Let y = 110 + -36. Suppose -w - y = -362. What is the highest common divisor of w and 36?
36
Suppose 0*f + 32 = 4*f. Suppose -1 = -p - 4. Let v be (-262)/(-16) - p/(-8). Calculate the highest common factor of v and f.
8
Let m = 13 + -7. Suppose 29 = 4*j + 5. What is the highest common factor of j and m?
6
Let d be -3*(-1)/(1/100). Suppose -7*l + d = -3*l. Calculate the greatest common divisor of 30 and l.
15
Let a(g) = -g**3 + 27*g**2 - 17*g - 26. Let s be a(26). Calculate the highest common factor of 325 and s.
13
Let a be (5 + -4)/(1/2). Let m = -78 - -86. Calculate the highest common factor of a and m.
2
Let h(r) = 3*r**2 + 41*r + 32. Let a be h(-16). Calculate the highest common divisor of a and 162.
18
Let x(b) = 3*b**2 + 14*b + 1. Let h(l) = 4*l**2 + 21*l + 2. Let q(r) = -5*h(r) + 8*x(r). Let m be q(-6). Calculate the greatest common divisor of 20 and m.
20
Suppose -y = 3*s - 1, -4*s + 7*s = 4*y - 49. Calculate the greatest common factor of y and 115.
5
Let g = 70 + -69. Suppose 2*p = -2, 3 + g = 3*n + 5*p. Calculate the highest common divisor of 9 and n.
3
Let z(n) = 58*n - 26. Let j be z(1). What is the highest common divisor of j and 512?
32
Let x be 1 - -5 - (-216)/4. What is the highest common factor of 210 and x?
30
Let y = -2352 + 2362. Let a be 233 - ((2 - 0) + 1). Calculate the greatest common factor of y and a.
10
Let k(q) = 31*q**2 + 18*q - 10. Let x be k(4). Calculate the greatest common divisor of 36 and x.
18
Let y(a) = 2*a**2 + 12*a - 36. Let v be y(7). Let o = v + -102. Calculate the greatest common divisor of o and 44.
44
Let j be (-4105)/15 + (4/6 - 1). Let k = 652 + j. Calculate the highest common factor of 42 and k.
42
Let q = 83 - 3. Suppose -4*r = -6*r - 100. Let d = 70 + r. Calculate the highest common factor of d and q.
20
Let j(q) = -q**2 - 9*q - 4. Let w be j(-8). Let u be ((-4)/10)/((-4)/80). What is the highest common factor of w and u?
4
Suppose -38*s = -31*s - 504. What is the greatest common divisor of 168 and s?
24
Let t(w) = 15*w - 10. Let z be t(2). Calculate the greatest common divisor of 180 and z.
20
Let n = 1415 + -1016. Calculate the greatest common divisor of 42 and n.
21
Let j = 1059 + -1057. Calculate the greatest common divisor of j and 162.
2
Let b(c) = 8*c - 4. Let t = 111 - 106. Let x be b(t). Calculate the greatest common divisor of 252 and x.
36
Suppose -2*j - 2*g = -5*j + 174, 0 = g - 3. What is the greatest common divisor of 18 and j?
6
Let o(u) = -u**3 + 10*u**2 - 6*u - 13. Let f be ((-3)/(-1) - 2)*9. Let b be o(f). What is the highest common divisor of b and 112?
14
Suppose 4*m = 6*m - 2. Let n be (-4 + m)*(20 - 62). Calculate the highest common divisor of n and 21.
21
Let r = -14 - -98. Suppose -25*p - r = -29*p. What is the greatest common factor of 14 and p?
7
Let g = -20 + 22. Suppose 0 = -4*i - g*i + 12. Suppose i*w - r - 26 = -3*w, 2*w + 2*r - 20 = 0. What is the highest common divisor of 2 and w?
2
Suppose -7*f + 1016 = 862. What is the highest common factor of f and 77?
11
Suppose 0 = -4*u + 5*s + 490, -50*u + 5*s = -45*u - 610. What is the highest common factor of 18 and u?
6
Let j(s) = s**2 - 5*s + 9. Let y be j(21). Let k = y - 103. Calculate the greatest common divisor of k and 22.
22
Suppose 0*n = 4*n + 36. Let y be (-4)/9*6*n. Let x be (-16)/(-4) + -1 - 0. What is the highest common factor of y and x?
3
Let x be (4 - 6)/((-4)/8). Let d(o) = -o**2 + 9*o - 6. Let j be d(8). What is the greatest common divisor of x and j?
2
Let o = 29 - 17. Suppose 6*c - 35 = c. Suppose -c = -4*f - 5*n, -2*f + n = -3*n - 10. What is the greatest common divisor of f and o?
3
Suppose -2*a = -3*j - 22, 2*j + j = 3*a - 27. Let l be 4 + (a + -2)*18. Suppose -6 = 2*f - l. Calculate the highest common divisor of f and 52.
26
Let r be (-4)/(-2) + -1 + 2. Let n = 8 + -5. Suppose -2*j - 4*v = -j + n, -j - 6 = 5*v. What is the highest common factor of r and j?
3
Let f(h) = -13*h + 8. Let d be f(-7). What is the greatest common divisor of d and 27?
9
Let z(a) = 3*a**2 - 33*a + 67. Let y be z(13). Calculate the highest common factor of y and 29.
29
Let a(o) = -4*o**3 - 26*o**2 + 10. Let b be a(-7). Let q = -63 - -225. What is the greatest common divisor of q and b?
54
Let h be (-20)/4 - -2 - -77. Suppose -h = -5*s - 29. Let r = 0 + s. Calculate the highest common divisor of r and 6.
3
Let c be (2 - 19/(-4)) + 8/32. Let w(p) = p**2 - 11. Let q be w(5). Calculate the highest common divisor of q and c.
7
Let t(a) = 6*a**2 + 4*a. Suppose 5*f = -3*s + 44, -4*f + 8 = 5*s - 35. Let x be t(f). Let z = 466 - x. Calculate the highest common divisor of 16 and z.
16
Let k(z) = -327*z - 612. Let t be k(-7). Calculate the highest common factor of t and 86.
43
Suppose -19 = 2*n - 29. Suppose g + 651 - 130 = n*q, 5*q = -4*g + 541. Calculate the greatest common divisor of 15 and q.
15
Let s be (((-48)/(-9))/1)/((-8)/(-12)). Suppose a = s + 16. What is the highest common factor of 168 and a?
24
Let l be ((7 - 7) + 3/2)*62. What is the greatest common factor of l and 3?
3
Suppose -25 = -5*f, 3*p + 93 = 4*p + 3*f. Let d = -672 + 685. What is the greatest common divisor of d and p?
13
Let m(x) = 2*x**2 - 15*x - 7. Let o be m(7). Let u(p) = p + 11. Let z be u(o). Let v be (-60)/(((-6)/z)/(-2)). What is the highest common factor of 24 and v?
12
Let f be -2 - (-2 + -10) - -1. Let n be -4 + ((-60)/(-45) - 33/(-9)). Calculate the greatest common divisor of n and f.
1
Let q = -59 + 64. Suppose z - 42 = -3*x, 3*z + q*x - 3*x - 105 = 0. Calculate the highest common factor of 11 and z.
11
Let g = -213 + 235. What is the highest common divisor of 341 and g?
11
Let i(x) = x**3 - x**2 - 6. Let y be i(3). What is the greatest common divisor of 372 and y?
12
Let o(j) = -6*j + 180. Let b be o(29). Let v(l) = -29*l**3 - l. Let y be v(-1). What is the greatest common divisor of y and b?
6
Let y(x) = x**2 - 2*x + 4. Let o = -54 - -46. Let u be y(